4054 (base 6) to base 7.
-6253
-352520 (base 7) to base 14
-19147
-110000111 (base 2) to base 8
-607
-10929 (base 11) to base 5
-1001021
What is 28230 (base 10) in base 11?
1a234
Convert 20144 (base 6) to base 5.
41111
Convert -1010001001001 (base 2) to base 3.
-21010100
What is 36032 (base 7) in base 15?
2b3e
211430 (base 5) to base 7
26513
-11400 (base 6) to base 2
-11001111000
Convert -1102112022 (base 3) to base 15.
-84c8
Convert -5041 (base 10) to base 15.
-1761
What is -3600 (base 15) in base 14?
-4279
Convert 1d30 (base 16) to base 13.
352a
331023 (base 4) to base 5
111130
-2099 (base 14) to base 5
-134443
What is 12110222 (base 3) in base 11?
3002
What is 3011 (base 6) in base 3?
220021
2200201 (base 3) to base 16
7ab
What is 11301 (base 5) in base 7?
2260
What is 205373 (base 8) in base 3?
10110202101
-18e2 (base 16) to base 4
-1203202
624 (base 9) to base 2
111111100
1ab (base 13) to base 3
102111
What is -2337 (base 11) in base 9?
-4175
Convert 31431 (base 8) to base 4.
3030121
Convert -31 (base 10) to base 3.
-1011
-44204 (base 6) to base 9
-8354
-954 (base 10) to base 2
-1110111010
-7556 (base 11) to base 7
-41051
4464 (base 7) to base 9
2183
What is -11000110000 (base 2) in base 14?
-812
What is 1212102200 (base 3) in base 9?
55380
Convert -1175 (base 16) to base 6.
-32405
Convert 12a2 (base 16) to base 15.
1630
What is 271 (base 8) in base 9?
225
Convert -3436 (base 7) to base 11.
-a39
What is 45436 (base 8) in base 6?
225010
What is -ac6 (base 13) in base 6?
-12324
-323300 (base 5) to base 14
-4071
What is 847 (base 11) in base 14?
52b
Convert -2ab56 (base 12) to base 3.
-10001212010
What is -348 (base 11) in base 5?
-3130
Convert a27f (base 16) to base 2.
1010001001111111
Convert 43b9 (base 16) to base 11.
12031
Convert -1010100100000 (base 2) to base 5.
-133113
Convert -102013 (base 5) to base 14.
-1339
What is -1a5 (base 15) in base 10?
-380
What is -552 (base 8) in base 5?
-2422
What is 2415 (base 9) in base 3?
2110112
Convert 107253 (base 9) to base 2.
1111101101101010
What is -1392 (base 11) in base 12?
-1057
Convert -23527 (base 8) to base 6.
-114343
What is -1216 (base 7) in base 6?
-2034
Convert -1bc3 (base 16) to base 12.
-4143
37 (base 8) to base 7
43
Convert -31595 (base 10) to base 14.
-b72b
Convert 3221 (base 6) to base 13.
445
260 (base 7) to base 9
165
Convert 50a1 (base 11) to base 9.
10247
-4114303 (base 5) to base 15
-14c03
Convert -7d8 (base 16) to base 10.
-2008
Convert -587 (base 12) to base 6.
-3451
-243 (base 12) to base 15
-179
5868 (base 11) to base 8
17021
-14441 (base 6) to base 2
-100100011001
What is -101001200 (base 3) in base 4?
-1302213
1261 (base 9) to base 5
12241
221322 (base 4) to base 14
d98
-4331203 (base 5) to base 8
-220310
211 (base 10) to base 16
d3
102011 (base 3) to base 11
254
Convert -3fc (base 16) to base 14.
-52c
What is 215 (base 8) in base 2?
10001101
Convert 15441 (base 6) to base 16.
9f1
Convert -100000111111 (base 2) to base 8.
-4077
What is -100100100100 (base 2) in base 8?
-4444
-4773 (base 10) to base 3
-20112210
Convert 64 (base 11) to base 14.
50
Convert -ffa (base 16) to base 10.
-4090
1000112 (base 4) to base 6
31022
Convert -b946 (base 13) to base 2.
-110010010010010
3695 (base 11) to base 8
11327
Convert -188 (base 15) to base 11.
-2a1
-b0 (base 14) to base 4
-2122
What is 115410 (base 6) in base 14?
3a7c
What is 93d6 (base 14) in base 11?
18157
What is -111011220 (base 3) in base 10?
-9609
-2975 (base 11) to base 5
-110313
What is -81b5 (base 13) in base 5?
-1033033
What is 2065 (base 10) in base 16?
811
1222422 (base 5) to base 4
11232333
What is -125 (base 13) in base 10?
-200
What is -13300101 (base 4) in base 5?
-2004021
What is 5342 (base 6) in base 5?
14324
Convert -407b (base 12) to base 4.
-1231133
What is 4303 (base 5) in base 7?
1454
What is -1203 (base 5) in base 8?
-262
Convert 12110121 (base 3) to base 8.
7621
510 (base 13) to base 15
3c3
What is 5477 (base 11) in base 5?
212343
Convert d659 (base 14) to base 11.
25820
What is 12612 (base 15) in base 8?
162566
898c (base 13) to base 15
5a5d
What is 240104 (base 5) in base 8?
21113
What is 3477 (base 13) in base 14?
2981
What is 316 (base 11) in base 8?
574
What is -7343 (base 12) in base 5?
-400304
530 (base 13) to base 15
3de
Convert -1089 (base 16) to base 8.
-10211
14284 (base 9) to base 5
302330
What is -f22 (base 16) in base 4?
-330202
-1511 (base 9) to base 5
-14034
-11122 (base 4) to base 8
-532
-1213320 (base 4) to base 13
-3045
What is 10211210 (base 3) in base 11?
2118
-75c0 (base 13) to base 2
-11111111111100
Convert -830 (base 11) to base 15.
-46b
What is 1100100001 (base 2) in base 16?
321
Convert 1855 (base 10) to base 5.
24410
-24343 (base 6) to base 15
-10e6
Convert -1312 (base 4) to base 6.
-314
9d4 (base 14) to base 9
2606
-31404 (base 6) to base 10
-4252
Convert 10001110001 (base 2) to base 12.
7a9
Convert -34a6 (base 14) to base 11.
-697a
What is 2451 (base 8) in base 6?
10041
What is -366 (base 14) in base 13?
-402
Convert 112201222 (base 3) to base 15.
32b5
What is -8c (base 16) in base 15?
-95
Convert 2110210120 (base 3) to base 11.
3364a
Convert 1b52 (base 13) to base 2.
1000000011011
What is -212111212 (base 3) in base 6?
-211205
65 (base 10) to base 4
1001
-1ba50 (base 12) to base 7
-231150
Convert -7037 (base 8) to base 11.
-2797
What is -554 (base 11) in base 12?
-474
Convert -1203424 (base 5) to base 9.
-33608
Convert 443 (base 15) to base 9.
1280
Convert -111100001 (base 2) to base 4.
-13201
Convert -1c0 (base 15) to base 3.
-120000
What is -100020 (base 3) in base 8?
-371
Convert -13320 (base 5) to base 2.
-10000111101
Convert -16050 (base 8) to base 5.
-212313
-100303 (base 7) to base 9
-25231
434162 (base 7) to base 3
10212002222
Convert -4445 (base 6) to base 8.
-2015
-1252 (base 6) to base 11
-271
What is 3932 (base 12) in base 3?
22221102
What is -6367 (base 10) in base 2?
-1100011011111
Convert -200021012 (base 3) to base 4.
-3100010
Convert 51560 (base 7) to base 3.
122022222
Convert -2112 (base 14) to base 3.
-21211010
What is -1910 (base 11) in base 8?
-4577
What is cb (base 13) in base 14?
bd
Convert c11 (base 13) to base 3.
2210122
What is -102020222 (base 3) in base 15?
-2672
-9332 (base 11) to base 6
-133145
Convert -100110010 (base 2) to base 3.
-102100
-21000101 (base 3) to base 2
-1001111111001
Convert -21387 (base 9) to base 2.
-11011101011101
-20383 (base 12) to base 2
-1010010000010011
What is -14604 (base 7) in base 4?
-333213
412 (base 14) to base 9
1078
200403 (base 6) to base 2
11110101010011
11310 (base 4) to base 13
228
4511 (base 11) to base 2
1011100110101
Convert -13453 (base 8) to base 3.
-22010200
What is c409 (base 15) in base 8?
120701
66 (base 13) to base 8
124
Convert 341 (base 16) to base 12.
595
What is 8843 (base 10) in base 5?
240333
Convert 1024104 (base 6) to base 11.
34753
What is -10011010 (base 2) in base 10?
-154
What is 171 (base 14) in base 7?
601
Convert -b9a (base 15) to base 4.
-220330
What is 8a (base 11) in base 7?
200
What is -8450 (base 11) in base 15?
-34ac
What is -918 (base 10) in base 8?
-1626
What is -10101211 (base 4) in base 15?
-52c4
What is -4739 (base 11) in base 8?
-14105
1995 (base 16) to base 12
3959
Convert 714 (base 9) to base 7.
1456
Convert -112442 (base 5) to base 16.
-101a
Convert -122424 (base 6) to base 14.
-3dcc
Convert -1062 (base 14) to base 11.
-2143
What is 2303 (base 7) in base 9?
1128
Convert 410133 (base 7) to base 13.
25959
-14aa (base 14) to base 15
-1153
282 (base 12) to base 13
239
Convert -1507 (base 13) to base 6.
-22041
What is 26043 (base 7) in base 16?
1aeb
What is -3a94 (base 15) in base 10?
-12514
Convert -4c84 (base 13) to base 9.
-15877
Convert 3464 (base 11) to base 12.
276b
What is b65 (base 13) in base 11?
1506
Convert -2007 (base 8) to base 13.
-614
-8753 (base 10) to base 3
-110000012
Convert -1260 (base 8) to base 6.
-3104
What is -120215 (base 7) in base 4?
-11103113
-202120100 (base 3) to base 6
-153230
-1317 (base 9) to base 13
-5b0
Convert -102035 (base 7) to base 14.
-6555
What is 373 (base 12) in base 6?
2223
Convert 26a45 (base 11) to base 7.
220216
-322032 (base 4) to base 16
-e8e
8c7 (base 13) to base 10
1515
What is 20210212 (base 3) in base 4?
1031210
What 